 -2?
2ca
In base 12, what is 2 + -a2?
-a0
In base 13, what is 2 + 65?
67
In base 9, what is 10 + 5?
15
In base 11, what is -7 - -884?
878
In base 12, what is 231 - -7?
238
In base 12, what is -2 + 52?
50
In base 16, what is -7 - 29?
-30
In base 11, what is 126 + -1?
125
In base 15, what is -bc + 3?
-b9
In base 15, what is 1d - -6?
24
In base 16, what is 5 - -19e5?
19ea
In base 12, what is -a744 - 2?
-a746
In base 12, what is -2a7 + 4?
-2a3
In base 16, what is 0 + da?
da
In base 2, what is 110010 + -1000?
101010
In base 10, what is 3 + -36?
-33
In base 7, what is 5 - -1204?
1212
In base 13, what is c + -c?
0
In base 15, what is -8 - 11?
-19
In base 12, what is 590 - -5?
595
In base 3, what is -2202 + -111?
-10020
In base 6, what is 305 + -1?
304
In base 8, what is -5 + 7173?
7166
In base 6, what is 3402 - -3?
3405
In base 15, what is -887 + 2?
-885
In base 4, what is 0 - -200?
200
In base 16, what is -13 - 11?
-24
In base 16, what is e - 2?
c
In base 16, what is 1 + -13c?
-13b
In base 3, what is -1011 - -2211?
1200
In base 4, what is 223 - 22?
201
In base 5, what is 200 + -30?
120
In base 2, what is -100 - -100101?
100001
In base 10, what is 5 + 139?
144
In base 8, what is 2466 + 13?
2501
In base 13, what is 5b - 3?
58
In base 11, what is 8 + -94?
-87
In base 14, what is -9 + -52?
-5b
In base 12, what is 21a7 - -3?
21aa
In base 13, what is 196 - 36?
160
In base 12, what is 3 - -17?
1a
In base 3, what is -21011 + 2?
-21002
In base 13, what is 3 - -33?
36
In base 15, what is 35 + -16c?
-137
In base 12, what is 54 - 5?
4b
In base 5, what is 1312 + -4?
1303
In base 6, what is -20052 - -2?
-20050
In base 13, what is 1544 - -4?
1548
In base 13, what is -3 + 762?
75c
In base 7, what is 251 + -4?
244
In base 15, what is 7 - -64?
6b
In base 11, what is 17 - 9?
9
In base 4, what is -20 + -20?
-100
In base 15, what is 144 + 5?
149
In base 11, what is -1a - 6a8?
-717
In base 13, what is 3c + -3?
39
In base 4, what is 0 + 1300?
1300
In base 16, what is -e3 - 3?
-e6
In base 4, what is 1013033 - -2?
1013101
In base 9, what is 584 - 5?
578
In base 6, what is -101 - -143?
42
In base 2, what is -1001001110 - 10110?
-1001100100
In base 12, what is -5 - 613?
-618
In base 3, what is -100012201 - 1?
-100012202
In base 12, what is 0 + -12?
-12
In base 8, what is -2 - -14567?
14565
In base 9, what is -5 + -165?
-171
In base 6, what is 3115 - 13?
3102
In base 11, what is 1 + -31?
-30
In base 16, what is e2f - -3?
e32
In base 7, what is 4002 - 3?
3666
In base 10, what is 5 - -39?
44
In base 5, what is -32 + 1224?
1142
In base 5, what is -10 + 341?
331
In base 9, what is -30150 + 1?
-30148
In base 10, what is 5 - 489?
-484
In base 10, what is 116 - -4?
120
In base 15, what is -5 + 185?
180
In base 6, what is 1351 - -2?
1353
In base 16, what is 2 + 159?
15b
In base 6, what is -102 + 3521?
3415
In base 14, what is 128 + 1?
129
In base 12, what is -501 + 1?
-500
In base 15, what is 55 + 13?
68
In base 5, what is -1 - -1003?
1002
In base 9, what is -22 + 536?
514
In base 7, what is -10055 - -4?
-10051
In base 4, what is -13 + 21102?
21023
In base 16, what is -155a - 1?
-155b
In base 16, what is 11 + c2?
d3
In base 4, what is 3 - 30221?
-30212
In base 9, what is 3857 - 2?
3855
In base 8, what is 50 - -1?
51
In base 2, what is -1110100101 + 100?
-1110100001
In base 7, what is -4666 + 3?
-4663
In base 3, what is 2212 + 1210?
11122
In base 4, what is 1331 + -11?
1320
In base 14, what is -2036 + 2?
-2034
In base 8, what is 3 - -704?
707
In base 5, what is -243 - -22?
-221
In base 13, what is 236 - -41?
277
In base 2, what is -100 - 11000011?
-11000111
In base 5, what is -1 + -414?
-420
In base 10, what is 1 - -24?
25
In base 10, what is 52 + 3?
55
In base 10, what is -1 + 299?
298
In base 5, what is -434130 + 1?
-434124
In base 3, what is 1202222 - -21?
1210020
In base 11, what is -30 + 1?
-2a
In base 2, what is 1 - -101110?
101111
In base 9, what is -2 - 601?
-603
In base 6, what is -443 + 44?
-355
In base 9, what is 4 - 228?
-224
In base 15, what is 14 + 1a?
2e
In base 2, what is 100 - 100010010?
-100001110
In base 8, what is 3 + -163?
-160
In base 6, what is 1142 + 3?
1145
In base 7, what is 3 + -14?
-11
In base 7, what is -5210 + -4?
-5214
In base 16, what is -1 + 559?
558
In base 7, what is 54 - 3?
51
In base 12, what is -10 - -3?
-9
In base 14, what is -1 + -8?
-9
In base 14, what is 7a + -25?
55
In base 11, what is 7198 - 4?
7194
In base 13, what is -448 + 3?
-445
In base 16, what is 7 - a?
-3
In base 8, what is -336 + -11?
-347
In base 4, what is 2 + 201?
203
In base 2, what is -101110000 + -1?
-101110001
In base 11, what is 0 - -212?
212
In base 16, what is -2a + 3?
-27
In base 14, what is 476 - -6?
47c
In base 13, what is 602 + 2?
604
In base 11, what is 29 - 3?
26
In base 7, what is 1 + 4302?
4303
In base 9, what is 125 - 1?
124
In base 4, what is -11 + 31113?
31102
In base 7, what is -15 + 154?
136
In base 16, what is -2 - -1f?
1d
In base 14, what is 41 - 6?
39
In base 9, what is -17 - -358?
341
In base 10, what is 25 + 7?
32
In base 12, what is -2a0 - -4?
-298
In base 2, what is -10100001 + 1?
-10100000
In base 11, what is -118 + -4?
-121
In base 6, what is 152131 + 3?
152134
In base 5, what is -11023 - -1?
-11022
In base 6, what is 15 - 2453?
-2434
In base 11, what is -13 - 309?
-321
In base 12, what is -5 - -107?
102
In base 11, what is 86 - -1?
87
In base 4, what is 311 + 132?
1103
In base 7, what is 1 - -3043?
3044
In base 16, what is -704 - -a?
-6fa
In base 13, what is -202 - 0?
-202
In base 6, what is 0 - 311?
-311
In base 4, what is -1110 + 10?
-1100
In base 2, what is -111011010110 - 10?
-111011011000
In base 4, what is -10200 + 0?
-10200
In base 15, what is -c - -21?
14
In base 4, what is 0 - -201?
201
In base 16, what is 3 - 245?
-242
In base 15, what is 2 - 16?
-14
In base 10, what is -4 + -1572?
-1576
In base 11, what is 5 - 1270?
-1266
In base 7, what is -30 + 202?
142
In base 14, what is -809 - 3?
-80c
In base 12, what is -59 + 153?
b6
In base 6, what is -2 - 511?
-513
In base 12, what is 8 + -121?
-115
In base 4, what is 3200 + -12?
3122
In base 8, what is 455 + 10?
465
In base 11, what is 770 - 4?
767
In base 5, what is -301210 + -2?
-301212
In base 12, what is 4 + 8b?
93
In base 5, what is 43 - 141?
-43
In base 5, what is 300 - -11?
311
In base 8, what is -1 + -13033?
-13034
In base 11, what is -43 - -7?
-37
In base 5, what is 1300 + 11?
1311
In base 15, what is -4 + 11b?
117
In base 16, what is 4 - 428?
-424
In base 8, what is 1544 + 5?
1551
In base 15, what is 43 + d9?
12c
In base 12, what is 2843 - 3?
2840
In base 6, what is -3120 + -12?
-3132
In base 9, what is -448 - 6?
-455
In base 10, what is -576 - 0?
-576
In base 14, what is -11 + -193?
-1a4
In base 6, what is 4 + -40350?
-40342
In base 3, what is 1012012 - -11?
1012100
In base 4, what is 20012 - -112?
20130
In base 8, what is 132101 + 3?
132104
In base 15, what is -1424 - -8?
-141b
In base 7, what is -5 - -54?
46
In base 16, what is 7 - 35?
-2e
In base 9, what is 8 - 31?
-22
In base 16, what is -2 - 2d?
-2f
In base 8, what is 23 + 1?
24
In base 10, what is 5 - 16?
-11
In base 8, what is -21 - 6?
-27
In base 9, what is -37 + -163?
-211
In base 15, what is -4 + -5d0?
-5d4
In base 16, what is -4 + -3d?
-41
In base 7, what is -11115 + -5?
-11123
In base 15, what is 1 - -47?
48
In base 6, what is -5050 + -1?
-5051
In base 3, what is -1010 + -1000?
-2010
In base 10, what is 79 - 32?
47
In base 10, what is 330 - 2?
328
In base 10, what is 578 - -29?
607
In base 2, what is 11 - -10010?
10101
In base 2, what is -11110111100 + 1?
-11110111011
In base 7, what is -2 - 13601?
-13603
In base 3, what is -2111220 + 12?
-2111201
In base 8, what is -110 + 0?
-110
In base 9, what is 3 - -10117?
10121
In base 14, what is 8 + -b15?
-b0b
In base 15, what is -2bbb - 1?
-2bbc
In base 8, what is 700 - 1?
677
In base 13, what is 0 + 3?
3
In base 2, what is 101 + -1101100?
-1100111
In base 10, what is 25 - 4?
21
In base 9, what is 5 - 488?
-483
In base 3, what is -202 - 2021020?
-2021222
In base 5, what is -113 + -10?
-123
In base 16, what is -3 + -a?
-d
In base 4, what is 10 + -2121?
-2111
In base 14, what is 3 - 14?
-11
In base 15, what is -2 + 9c?
9a
In base 6, what is -123 - -433?
310
In base 14, what is -12